{"id":1934,"date":"2020-06-02T19:25:46","date_gmt":"2020-06-02T19:25:46","guid":{"rendered":"http:\/\/berndgoffart.de\/?page_id=1934"},"modified":"2025-07-14T14:46:14","modified_gmt":"2025-07-14T14:46:14","slug":"glasfaser-und-mobilfunk","status":"publish","type":"page","link":"https:\/\/berndgoffart.de\/?page_id=1934","title":{"rendered":"Glasfaser und Mobilfunk"},"content":{"rendered":"\t\t<div data-elementor-type=\"wp-page\" data-elementor-id=\"1934\" class=\"elementor elementor-1934\">\n\t\t\t\t\t\t<section class=\"elementor-section elementor-top-section elementor-element elementor-element-b83b164 elementor-section-boxed elementor-section-height-default elementor-section-height-default\" data-id=\"b83b164\" data-element_type=\"section\">\n\t\t\t\t\t\t<div class=\"elementor-container elementor-column-gap-default\">\n\t\t\t\t\t<div class=\"elementor-column elementor-col-50 elementor-top-column elementor-element elementor-element-98a16d0\" data-id=\"98a16d0\" data-element_type=\"column\">\n\t\t\t<div class=\"elementor-widget-wrap elementor-element-populated\">\n\t\t\t\t\t\t<div class=\"elementor-element elementor-element-e29cd00 elementor-widget elementor-widget-image\" data-id=\"e29cd00\" data-element_type=\"widget\" data-widget_type=\"image.default\">\n\t\t\t\t<div class=\"elementor-widget-container\">\n\t\t\t\t\t\t\t\t\t\t\t\t\t\t\t<img decoding=\"async\" src=\"https:\/\/berndgoffart.de\/wp-content\/uploads\/2025\/06\/6-Glasfaser-und-Mobilfunk-scaled.jpg\" title=\"6 Glasfaser und Mobilfunk\" alt=\"6 Glasfaser und Mobilfunk\" loading=\"lazy\" \/>\t\t\t\t\t\t\t\t\t\t\t\t\t\t\t<\/div>\n\t\t\t\t<\/div>\n\t\t\t\t\t<\/div>\n\t\t<\/div>\n\t\t\t\t<div class=\"elementor-column elementor-col-50 elementor-top-column elementor-element elementor-element-ff360b8\" data-id=\"ff360b8\" data-element_type=\"column\">\n\t\t\t<div class=\"elementor-widget-wrap elementor-element-populated\">\n\t\t\t\t\t\t<div class=\"elementor-element elementor-element-c260702 elementor-widget elementor-widget-heading\" data-id=\"c260702\" data-element_type=\"widget\" data-widget_type=\"heading.default\">\n\t\t\t\t<div class=\"elementor-widget-container\">\n\t\t\t\t\t<h2 class=\"elementor-heading-title elementor-size-default\">Glasfaser und Mobilfunk<\/h2>\t\t\t\t<\/div>\n\t\t\t\t<\/div>\n\t\t\t\t<div class=\"elementor-element elementor-element-eb9c829 elementor-widget elementor-widget-heading\" data-id=\"eb9c829\" data-element_type=\"widget\" data-widget_type=\"heading.default\">\n\t\t\t\t<div class=\"elementor-widget-container\">\n\t\t\t\t\t<p class=\"elementor-heading-title elementor-size-default\">Digitalisierung voranbringen.<\/p>\t\t\t\t<\/div>\n\t\t\t\t<\/div>\n\t\t\t\t\t<\/div>\n\t\t<\/div>\n\t\t\t\t\t<\/div>\n\t\t<\/section>\n\t\t\t\t<section class=\"elementor-section elementor-top-section elementor-element elementor-element-81ea1fc elementor-section-boxed elementor-section-height-default elementor-section-height-default\" data-id=\"81ea1fc\" data-element_type=\"section\">\n\t\t\t\t\t\t<div class=\"elementor-container elementor-column-gap-default\">\n\t\t\t\t\t<div class=\"elementor-column elementor-col-100 elementor-top-column elementor-element elementor-element-33e6785\" data-id=\"33e6785\" data-element_type=\"column\">\n\t\t\t<div class=\"elementor-widget-wrap elementor-element-populated\">\n\t\t\t\t\t\t<div class=\"elementor-element elementor-element-5049c80 elementor-widget elementor-widget-text-editor\" data-id=\"5049c80\" data-element_type=\"widget\" data-widget_type=\"text-editor.default\">\n\t\t\t\t<div class=\"elementor-widget-container\">\n\t\t\t\t\t\t\t\t\t<p>Gleiche Lebensverh\u00e4ltnisse und gleiche Chancen in allen D\u00f6rfern sind mir wichtig.<\/p>\n<p>Dazu geh\u00f6rt auch eine gleicherma\u00dfen gute Versorgung mit Mobilfunk und schnellem Internet.<\/p>\n<p>Au\u00dfer Dedenborn und Hirschrott sind alle D\u00f6rfer an Glasfasernetze direkt angeschlossen. Durch F\u00f6rderungen wird es gelingen, in 2026 auch Dedenborn und in 2027 Hirschrott anzuschlie\u00dfen. Als Alleinstellungsmerkmal sind dann alle unsere Ortslagen mit Glasfaser versorgt.<\/p>\n<p>Der Mobilfunkempfang wurde deutlich durch Sendemasten in Rollesbroich, Eicherscheid und Strauch verbessert. Funkl\u00f6cher sind nur noch wenige vorhanden. Richtung Gerstenhof soll ein weiterer Funkmast errichtet werden. Alle Versorgungsl\u00fccken sollen perspektivisch geschlossen werden, damit alle B\u00fcrger gleiche M\u00f6glichkeiten beim Mobilfunkt und Internet erhalten.<\/p>\n<p><strong><u>Ich verspreche Ihnen:<\/u><\/strong><\/p>\n<p>Als Ihr B\u00fcrgermeister k\u00e4mpfe ich weiterhin f\u00fcr schnelles Internet und ein gutes Mobilfunknetz in allen D\u00f6rfern!<\/p>\t\t\t\t\t\t\t\t<\/div>\n\t\t\t\t<\/div>\n\t\t\t\t\t<\/div>\n\t\t<\/div>\n\t\t\t\t\t<\/div>\n\t\t<\/section>\n\t\t\t\t<\/div>\n\t\t","protected":false},"excerpt":{"rendered":"<p>Glasfaser und Mobilfunk Digitalisierung voranbringen. Gleiche Lebensverh\u00e4ltnisse und gleiche Chancen in allen D\u00f6rfern sind mir wichtig. Dazu geh\u00f6rt auch eine gleicherma\u00dfen gute Versorgung mit Mobilfunk und schnellem Internet. Au\u00dfer Dedenborn &#8230;<\/p>\n","protected":false},"author":1,"featured_media":1936,"parent":0,"menu_order":0,"comment_status":"closed","ping_status":"closed","template":"","meta":{"footnotes":""},"class_list":["post-1934","page","type-page","status-publish","has-post-thumbnail","hentry"],"yoast_head":"<!-- This site is optimized with the Yoast SEO plugin v26.7 - https:\/\/yoast.com\/wordpress\/plugins\/seo\/ -->\n<title>Glasfaser und Mobilfunk - Bernd Goffart<\/title>\n<meta name=\"robots\" content=\"index, follow, max-snippet:-1, max-image-preview:large, max-video-preview:-1\" \/>\n<link rel=\"canonical\" href=\"https:\/\/berndgoffart.de\/?page_id=1934\" \/>\n<meta property=\"og:locale\" content=\"de_DE\" \/>\n<meta property=\"og:type\" content=\"article\" \/>\n<meta property=\"og:title\" content=\"Glasfaser und Mobilfunk - Bernd Goffart\" \/>\n<meta property=\"og:description\" content=\"Glasfaser und Mobilfunk Digitalisierung voranbringen. Gleiche Lebensverh\u00e4ltnisse und gleiche Chancen in allen D\u00f6rfern sind mir wichtig. Dazu geh\u00f6rt auch eine gleicherma\u00dfen gute Versorgung mit Mobilfunk und schnellem Internet. Au\u00dfer Dedenborn ...\" \/>\n<meta property=\"og:url\" content=\"https:\/\/berndgoffart.de\/?page_id=1934\" \/>\n<meta property=\"og:site_name\" content=\"Bernd Goffart\" \/>\n<meta property=\"article:modified_time\" content=\"2025-07-14T14:46:14+00:00\" \/>\n<meta property=\"og:image\" content=\"https:\/\/berndgoffart.de\/wp-content\/uploads\/2020\/06\/Mobilfunk-und-Glasfaser.jpg\" \/>\n\t<meta property=\"og:image:width\" content=\"640\" \/>\n\t<meta property=\"og:image:height\" content=\"396\" \/>\n\t<meta property=\"og:image:type\" content=\"image\/jpeg\" \/>\n<meta name=\"twitter:card\" content=\"summary_large_image\" \/>\n<meta name=\"twitter:label1\" content=\"Gesch\u00e4tzte Lesezeit\" \/>\n\t<meta name=\"twitter:data1\" content=\"1\u00a0Minute\" \/>\n<script type=\"application\/ld+json\" class=\"yoast-schema-graph\">{\"@context\":\"https:\/\/schema.org\",\"@graph\":[{\"@type\":\"WebPage\",\"@id\":\"https:\/\/berndgoffart.de\/?page_id=1934\",\"url\":\"https:\/\/berndgoffart.de\/?page_id=1934\",\"name\":\"Glasfaser und Mobilfunk - Bernd Goffart\",\"isPartOf\":{\"@id\":\"https:\/\/berndgoffart.de\/#website\"},\"primaryImageOfPage\":{\"@id\":\"https:\/\/berndgoffart.de\/?page_id=1934#primaryimage\"},\"image\":{\"@id\":\"https:\/\/berndgoffart.de\/?page_id=1934#primaryimage\"},\"thumbnailUrl\":\"https:\/\/berndgoffart.de\/wp-content\/uploads\/2020\/06\/Mobilfunk-und-Glasfaser.jpg\",\"datePublished\":\"2020-06-02T19:25:46+00:00\",\"dateModified\":\"2025-07-14T14:46:14+00:00\",\"breadcrumb\":{\"@id\":\"https:\/\/berndgoffart.de\/?page_id=1934#breadcrumb\"},\"inLanguage\":\"de\",\"potentialAction\":[{\"@type\":\"ReadAction\",\"target\":[\"https:\/\/berndgoffart.de\/?page_id=1934\"]}]},{\"@type\":\"ImageObject\",\"inLanguage\":\"de\",\"@id\":\"https:\/\/berndgoffart.de\/?page_id=1934#primaryimage\",\"url\":\"https:\/\/berndgoffart.de\/wp-content\/uploads\/2020\/06\/Mobilfunk-und-Glasfaser.jpg\",\"contentUrl\":\"https:\/\/berndgoffart.de\/wp-content\/uploads\/2020\/06\/Mobilfunk-und-Glasfaser.jpg\",\"width\":640,\"height\":396},{\"@type\":\"BreadcrumbList\",\"@id\":\"https:\/\/berndgoffart.de\/?page_id=1934#breadcrumb\",\"itemListElement\":[{\"@type\":\"ListItem\",\"position\":1,\"name\":\"Startseite\",\"item\":\"https:\/\/berndgoffart.de\/\"},{\"@type\":\"ListItem\",\"position\":2,\"name\":\"Glasfaser und Mobilfunk\"}]},{\"@type\":\"WebSite\",\"@id\":\"https:\/\/berndgoffart.de\/#website\",\"url\":\"https:\/\/berndgoffart.de\/\",\"name\":\"Bernd Goffart B\u00fcrgermeisterkandidat CDU 2025\",\"description\":\"Ihr B\u00fcrgermeister 2025 f\u00fcr Simmerath\",\"potentialAction\":[{\"@type\":\"SearchAction\",\"target\":{\"@type\":\"EntryPoint\",\"urlTemplate\":\"https:\/\/berndgoffart.de\/?s={search_term_string}\"},\"query-input\":{\"@type\":\"PropertyValueSpecification\",\"valueRequired\":true,\"valueName\":\"search_term_string\"}}],\"inLanguage\":\"de\"}]}<\/script>\n<!-- \/ Yoast SEO plugin. -->","yoast_head_json":{"title":"Glasfaser und Mobilfunk - Bernd Goffart","robots":{"index":"index","follow":"follow","max-snippet":"max-snippet:-1","max-image-preview":"max-image-preview:large","max-video-preview":"max-video-preview:-1"},"canonical":"https:\/\/berndgoffart.de\/?page_id=1934","og_locale":"de_DE","og_type":"article","og_title":"Glasfaser und Mobilfunk - Bernd Goffart","og_description":"Glasfaser und Mobilfunk Digitalisierung voranbringen. Gleiche Lebensverh\u00e4ltnisse und gleiche Chancen in allen D\u00f6rfern sind mir wichtig. Dazu geh\u00f6rt auch eine gleicherma\u00dfen gute Versorgung mit Mobilfunk und schnellem Internet. Au\u00dfer Dedenborn ...","og_url":"https:\/\/berndgoffart.de\/?page_id=1934","og_site_name":"Bernd Goffart","article_modified_time":"2025-07-14T14:46:14+00:00","og_image":[{"width":640,"height":396,"url":"https:\/\/berndgoffart.de\/wp-content\/uploads\/2020\/06\/Mobilfunk-und-Glasfaser.jpg","type":"image\/jpeg"}],"twitter_card":"summary_large_image","twitter_misc":{"Gesch\u00e4tzte Lesezeit":"1\u00a0Minute"},"schema":{"@context":"https:\/\/schema.org","@graph":[{"@type":"WebPage","@id":"https:\/\/berndgoffart.de\/?page_id=1934","url":"https:\/\/berndgoffart.de\/?page_id=1934","name":"Glasfaser und Mobilfunk - Bernd Goffart","isPartOf":{"@id":"https:\/\/berndgoffart.de\/#website"},"primaryImageOfPage":{"@id":"https:\/\/berndgoffart.de\/?page_id=1934#primaryimage"},"image":{"@id":"https:\/\/berndgoffart.de\/?page_id=1934#primaryimage"},"thumbnailUrl":"https:\/\/berndgoffart.de\/wp-content\/uploads\/2020\/06\/Mobilfunk-und-Glasfaser.jpg","datePublished":"2020-06-02T19:25:46+00:00","dateModified":"2025-07-14T14:46:14+00:00","breadcrumb":{"@id":"https:\/\/berndgoffart.de\/?page_id=1934#breadcrumb"},"inLanguage":"de","potentialAction":[{"@type":"ReadAction","target":["https:\/\/berndgoffart.de\/?page_id=1934"]}]},{"@type":"ImageObject","inLanguage":"de","@id":"https:\/\/berndgoffart.de\/?page_id=1934#primaryimage","url":"https:\/\/berndgoffart.de\/wp-content\/uploads\/2020\/06\/Mobilfunk-und-Glasfaser.jpg","contentUrl":"https:\/\/berndgoffart.de\/wp-content\/uploads\/2020\/06\/Mobilfunk-und-Glasfaser.jpg","width":640,"height":396},{"@type":"BreadcrumbList","@id":"https:\/\/berndgoffart.de\/?page_id=1934#breadcrumb","itemListElement":[{"@type":"ListItem","position":1,"name":"Startseite","item":"https:\/\/berndgoffart.de\/"},{"@type":"ListItem","position":2,"name":"Glasfaser und Mobilfunk"}]},{"@type":"WebSite","@id":"https:\/\/berndgoffart.de\/#website","url":"https:\/\/berndgoffart.de\/","name":"Bernd Goffart B\u00fcrgermeisterkandidat CDU 2025","description":"Ihr B\u00fcrgermeister 2025 f\u00fcr Simmerath","potentialAction":[{"@type":"SearchAction","target":{"@type":"EntryPoint","urlTemplate":"https:\/\/berndgoffart.de\/?s={search_term_string}"},"query-input":{"@type":"PropertyValueSpecification","valueRequired":true,"valueName":"search_term_string"}}],"inLanguage":"de"}]}},"amp_enabled":true,"_links":{"self":[{"href":"https:\/\/berndgoffart.de\/index.php?rest_route=\/wp\/v2\/pages\/1934","targetHints":{"allow":["GET"]}}],"collection":[{"href":"https:\/\/berndgoffart.de\/index.php?rest_route=\/wp\/v2\/pages"}],"about":[{"href":"https:\/\/berndgoffart.de\/index.php?rest_route=\/wp\/v2\/types\/page"}],"author":[{"embeddable":true,"href":"https:\/\/berndgoffart.de\/index.php?rest_route=\/wp\/v2\/users\/1"}],"replies":[{"embeddable":true,"href":"https:\/\/berndgoffart.de\/index.php?rest_route=%2Fwp%2Fv2%2Fcomments&post=1934"}],"version-history":[{"count":26,"href":"https:\/\/berndgoffart.de\/index.php?rest_route=\/wp\/v2\/pages\/1934\/revisions"}],"predecessor-version":[{"id":3054,"href":"https:\/\/berndgoffart.de\/index.php?rest_route=\/wp\/v2\/pages\/1934\/revisions\/3054"}],"wp:featuredmedia":[{"embeddable":true,"href":"https:\/\/berndgoffart.de\/index.php?rest_route=\/wp\/v2\/media\/1936"}],"wp:attachment":[{"href":"https:\/\/berndgoffart.de\/index.php?rest_route=%2Fwp%2Fv2%2Fmedia&parent=1934"}],"curies":[{"name":"wp","href":"https:\/\/api.w.org\/{rel}","templated":true}]}}

<div data-elementor-type="wp-page" data-elementor-id="1934" class="elementor elementor-1934">
						<section class="elementor-section elementor-top-section elementor-element elementor-element-b83b164 elementor-section-boxed elementor-section-height-default elementor-section-height-default" data-id="b83b164" data-element_type="section">
						<div class="elementor-container elementor-column-gap-default">
					<div class="elementor-column elementor-col-50 elementor-top-column elementor-element elementor-element-98a16d0" data-id="98a16d0" data-element_type="column">
			<div class="elementor-widget-wrap elementor-element-populated">
						<div class="elementor-element elementor-element-e29cd00 elementor-widget elementor-widget-image" data-id="e29cd00" data-element_type="widget" data-widget_type="image.default">
				<div class="elementor-widget-container">
															<img decoding="async" src="https://berndgoffart.de/wp-content/uploads/2025/06/6-Glasfaser-und-Mobilfunk-scaled.jpg" title="6 Glasfaser und Mobilfunk" alt="6 Glasfaser und Mobilfunk" loading="lazy" />															</div>
				</div>
					</div>
		</div>
				<div class="elementor-column elementor-col-50 elementor-top-column elementor-element elementor-element-ff360b8" data-id="ff360b8" data-element_type="column">
			<div class="elementor-widget-wrap elementor-element-populated">
						<div class="elementor-element elementor-element-c260702 elementor-widget elementor-widget-heading" data-id="c260702" data-element_type="widget" data-widget_type="heading.default">
				<div class="elementor-widget-container">
					<h2 class="elementor-heading-title elementor-size-default">Glasfaser und Mobilfunk</h2>				</div>
				</div>
				<div class="elementor-element elementor-element-eb9c829 elementor-widget elementor-widget-heading" data-id="eb9c829" data-element_type="widget" data-widget_type="heading.default">
				<div class="elementor-widget-container">
					<p class="elementor-heading-title elementor-size-default">Digitalisierung voranbringen.</p>				</div>
				</div>
					</div>
		</div>
					</div>
		</section>
				<section class="elementor-section elementor-top-section elementor-element elementor-element-81ea1fc elementor-section-boxed elementor-section-height-default elementor-section-height-default" data-id="81ea1fc" data-element_type="section">
						<div class="elementor-container elementor-column-gap-default">
					<div class="elementor-column elementor-col-100 elementor-top-column elementor-element elementor-element-33e6785" data-id="33e6785" data-element_type="column">
			<div class="elementor-widget-wrap elementor-element-populated">
						<div class="elementor-element elementor-element-5049c80 elementor-widget elementor-widget-text-editor" data-id="5049c80" data-element_type="widget" data-widget_type="text-editor.default">
				<div class="elementor-widget-container">
									<p>Gleiche Lebensverhältnisse und gleiche Chancen in allen Dörfern sind mir wichtig.</p>
<p>Dazu gehört auch eine gleichermaßen gute Versorgung mit Mobilfunk und schnellem Internet.</p>
<p>Außer Dedenborn und Hirschrott sind alle Dörfer an Glasfasernetze direkt angeschlossen. Durch Förderungen wird es gelingen, in 2026 auch Dedenborn und in 2027 Hirschrott anzuschließen. Als Alleinstellungsmerkmal sind dann alle unsere Ortslagen mit Glasfaser versorgt.</p>
<p>Der Mobilfunkempfang wurde deutlich durch Sendemasten in Rollesbroich, Eicherscheid und Strauch verbessert. Funklöcher sind nur noch wenige vorhanden. Richtung Gerstenhof soll ein weiterer Funkmast errichtet werden. Alle Versorgungslücken sollen perspektivisch geschlossen werden, damit alle Bürger gleiche Möglichkeiten beim Mobilfunkt und Internet erhalten.</p>
<p><strong><u>Ich verspreche Ihnen:</u></strong></p>
<p>Als Ihr Bürgermeister kämpfe ich weiterhin für schnelles Internet und ein gutes Mobilfunknetz in allen Dörfern!</p>								</div>
				</div>
					</div>
		</div>
					</div>
		</section>
				</div>

<p>Glasfaser und Mobilfunk Digitalisierung voranbringen. Gleiche Lebensverhältnisse und gleiche Chancen in allen Dörfern sind mir wichtig. Dazu gehört auch eine gleichermaßen gute Versorgung mit Mobilfunk und schnellem Internet. Außer Dedenborn &#8230;</p>

<!-- This site is optimized with the Yoast SEO plugin v26.7 - https://yoast.com/wordpress/plugins/seo/ -->
<title>Glasfaser und Mobilfunk - Bernd Goffart</title>
<meta name="robots" content="index, follow, max-snippet:-1, max-image-preview:large, max-video-preview:-1" />
<link rel="canonical" href="https://berndgoffart.de/?page_id=1934" />
<meta property="og:locale" content="de_DE" />
<meta property="og:type" content="article" />
<meta property="og:title" content="Glasfaser und Mobilfunk - Bernd Goffart" />
<meta property="og:description" content="Glasfaser und Mobilfunk Digitalisierung voranbringen. Gleiche Lebensverhältnisse und gleiche Chancen in allen Dörfern sind mir wichtig. Dazu gehört auch eine gleichermaßen gute Versorgung mit Mobilfunk und schnellem Internet. Außer Dedenborn ..." />
<meta property="og:url" content="https://berndgoffart.de/?page_id=1934" />
<meta property="og:site_name" content="Bernd Goffart" />
<meta property="article:modified_time" content="2025-07-14T14:46:14+00:00" />
<meta property="og:image" content="https://berndgoffart.de/wp-content/uploads/2020/06/Mobilfunk-und-Glasfaser.jpg" />
	<meta property="og:image:width" content="640" />
	<meta property="og:image:height" content="396" />
	<meta property="og:image:type" content="image/jpeg" />
<meta name="twitter:card" content="summary_large_image" />
<meta name="twitter:label1" content="Geschätzte Lesezeit" />
	<meta name="twitter:data1" content="1 Minute" />
<script type="application/ld+json" class="yoast-schema-graph">{"@context":"https://schema.org","@graph":[{"@type":"WebPage","@id":"https://berndgoffart.de/?page_id=1934","url":"https://berndgoffart.de/?page_id=1934","name":"Glasfaser und Mobilfunk - Bernd Goffart","isPartOf":{"@id":"https://berndgoffart.de/#website"},"primaryImageOfPage":{"@id":"https://berndgoffart.de/?page_id=1934#primaryimage"},"image":{"@id":"https://berndgoffart.de/?page_id=1934#primaryimage"},"thumbnailUrl":"https://berndgoffart.de/wp-content/uploads/2020/06/Mobilfunk-und-Glasfaser.jpg","datePublished":"2020-06-02T19:25:46+00:00","dateModified":"2025-07-14T14:46:14+00:00","breadcrumb":{"@id":"https://berndgoffart.de/?page_id=1934#breadcrumb"},"inLanguage":"de","potentialAction":[{"@type":"ReadAction","target":["https://berndgoffart.de/?page_id=1934"]}]},{"@type":"ImageObject","inLanguage":"de","@id":"https://berndgoffart.de/?page_id=1934#primaryimage","url":"https://berndgoffart.de/wp-content/uploads/2020/06/Mobilfunk-und-Glasfaser.jpg","contentUrl":"https://berndgoffart.de/wp-content/uploads/2020/06/Mobilfunk-und-Glasfaser.jpg","width":640,"height":396},{"@type":"BreadcrumbList","@id":"https://berndgoffart.de/?page_id=1934#breadcrumb","itemListElement":[{"@type":"ListItem","position":1,"name":"Startseite","item":"https://berndgoffart.de/"},{"@type":"ListItem","position":2,"name":"Glasfaser und Mobilfunk"}]},{"@type":"WebSite","@id":"https://berndgoffart.de/#website","url":"https://berndgoffart.de/","name":"Bernd Goffart Bürgermeisterkandidat CDU 2025","description":"Ihr Bürgermeister 2025 für Simmerath","potentialAction":[{"@type":"SearchAction","target":{"@type":"EntryPoint","urlTemplate":"https://berndgoffart.de/?s={search_term_string}"},"query-input":{"@type":"PropertyValueSpecification","valueRequired":true,"valueName":"search_term_string"}}],"inLanguage":"de"}]}</script>
<!-- / Yoast SEO plugin. -->

Glasfaser und Mobilfunk Digitalisierung voranbringen. Gleiche Lebensverhältnisse und gleiche Chancen in allen Dörfern sind mir wichtig. Dazu gehört auch eine gleichermaßen gute Versorgung mit Mobilfunk und schnellem Internet. Außer Dedenborn ...

Bernd Goffart Bürgermeisterkandidat CDU 2025

Ihr Bürgermeister 2025 für Simmerath
